{"id":5113,"date":"2015-04-09T03:31:06","date_gmt":"2015-04-09T03:31:06","guid":{"rendered":"http:\/\/localhost\/wordpress\/wp_vicky\/?page_id=4"},"modified":"2023-05-10T18:09:52","modified_gmt":"2023-05-10T18:09:52","slug":"my-story","status":"publish","type":"page","link":"https:\/\/kapheus.com\/irish\/my-story\/","title":{"rendered":"Marguerite"},"content":{"rendered":"<section class=\"wpb-content-wrapper\"><p>[vc_row content_placement=&#8221;middle&#8221; wrap_type=&#8221;in_container&#8221; css=&#8221;.vc_custom_1624553480048{margin-bottom: 0px !important;padding-bottom: 0px !important;}&#8221;][vc_column][vc_custom_heading text=&#8221;C\u00e9 mise?&#8221; font_container=&#8221;tag:h1|text_align:center&#8221;][\/vc_column][\/vc_row][vc_row wrap_type=&#8221;in_container&#8221;][vc_column width=&#8221;1\/2&#8243;][vc_single_image image=&#8221;11432&#8243; img_size=&#8221;full&#8221; style=&#8221;vc_box_shadow_border&#8221;][\/vc_column][vc_column width=&#8221;1\/2&#8243;][vc_column_text]<span style=\"font-size: 12.0pt;\">Inseoidh m\u00e9 p\u00edosa eile f\u00fam agus an ch\u00fais a scr\u00edobhaim leabhair do ph\u00e1ist\u00ed. \u00a0Bhuel, t\u00e1 s\u00fail agam go bhfuil s\u00e9 soil\u00e9ir \u00f3n ngrianghriaf go bhfuil gr\u00e1 m\u00f3r agam do ph\u00e1ist\u00ed. \u00a0Is bre\u00e1 liom a fuinneamh agus a racht feirge freisin. \u00a0Bainim an-sult as spiorad na bp\u00e1ist\u00ed. \u00a0Is mar gheall ar sin go bhfuil s\u00e9 an rud is n\u00e1d\u00fara liom n\u00e1 leabhair a scr\u00edobh do ph\u00e1ist\u00ed. \u00a0<\/span><\/p>\n<p><span style=\"font-size: 12.0pt;\"><strong>Kapheus Earth<\/strong>, <strong>Kapheus Air<\/strong> agus\u00a0<strong>Kapheus Water<\/strong>\u00a0leabhair fantais\u00edochta eachtra\u00edochta a bhfuil ar maos i miotaseola\u00edocht na h\u00c9ireann. \u00a0T\u00e1 an sc\u00e9al suite i dt\u00edrdreach na h\u00c9ireann \u00f3 Sl\u00ed an Atlantaigh Fhi\u00e1in go Cnoc na Teamhrach, anam na t\u00edre. Bainaim an-taitneamh as leabhair a scr\u00edobh do ph\u00e1ist\u00ed seacht mbliana d&#8217;aois agus n\u00edos sine.\u00a0<\/span><\/p>\n<p><span style=\"font-size: 12.0pt;\">Rugadh m\u00e9 i nGaillimh agus ba mise an dara duine is \u00f3ige as seachtar p\u00e1ist\u00ed i mo chlann. \u00a0D&#8217;fh\u00e1s m\u00e9 suas le tionchar meascaithe \u00f3 ch\u00falra\u00ed difri\u00fala mo thuismitheoir\u00ed. \u00a0Thug mo mh\u00e1thair an leathanaigeanta a bhaineann le Cathair Bhaile \u00c1tha Cliath d\u00fainn mar ph\u00e1ist\u00ed agus fuaireamar gr\u00e1 an talamh agus n\u00e1d\u00far \u00f3 m&#8217;athair.\u00a0Th\u00e1inig an dh\u00e1 thaobh le ch\u00e9ile i mo scr\u00edobh agus t\u00e1im an-bh\u00edoch d\u00edobh as an tionchar sin a thabhairt saibhreas don Sraith Kapheus.<\/span><\/p>\n<p><span style=\"font-size: 12.0pt;\">Chuir mo ch\u00falra gairmi\u00fail mar s\u00edceola\u00ed tionchar ar mo scr\u00edobh freisin. \u00a0Is iad na drag\u00fain, s\u00edoga\u00ed, leipreach\u00e1in agus na cr\u00e9at\u00fair miotaseola\u00edochta mar shampla na haonbheanaigh agus na ceinte\u00e1ir a threora\u00edonn Elisa and Jamie tr\u00edd<em>\u00a0<\/em>na d\u00fashl\u00e1in is m\u00f3 ina saolta, agus sa ch\u00falra t\u00e1 an dinimic ar leith idir tuismitheoir\u00ed agus a bp\u00e1ist\u00ed, agus idir na sibl\u00edn\u00ed f\u00e9in a phl\u00e9. \u00a0T\u00e1 s\u00fail agam go mbaineann gach duine a l\u00e9anann an Sraith Kapheus taitneamh as na leabhair. \u00a0<\/span><\/p>\n<ul class=\"scl_icns\">\n<li><a class=\"btn btn-primary lookbook-action\" href=\"https:\/\/www.facebook.com\/kapheus\/\"><i class=\"fa fa-facebook-official\" aria-hidden=\"true\"><!--code--><\/i> Facebook<\/a><\/li>\n<li><a class=\"btn btn-primary lookbook-action\" href=\"https:\/\/www.linkedin.com\/in\/marguerite-tonery-3289682b\/\"><i class=\"fa fa-linkedin-square\" aria-hidden=\"true\"><!--code--><\/i> Linkedin<\/a><\/li>\n<li><a class=\"btn btn-primary lookbook-action\" href=\"https:\/\/www.instagram.com\/marguerite_tonery\/\"><i class=\"fa fa-instagram\" aria-hidden=\"true\"><!--code--><\/i> Instagram<\/a><\/li>\n<\/ul>\n<p>[\/vc_column_text][\/vc_column][\/vc_row]<\/p>\n<\/section>","protected":false},"excerpt":{"rendered":"<p>[vc_row content_placement=&#8221;middle&#8221; wrap_type=&#8221;in_container&#8221; css=&#8221;.vc_custom_1624553480048{margin-bottom: 0px !important;padding-bottom: 0px !important;}&#8221;][vc_column][vc_custom_heading text=&#8221;C\u00e9 mise?&#8221; font_container=&#8221;tag:h1|text_align:center&#8221;][\/vc_column][\/vc_row][vc_row wrap_type=&#8221;in_container&#8221;][vc_column width=&#8221;1\/2&#8243;][vc_single_image image=&#8221;11432&#8243; img_size=&#8221;full&#8221; style=&#8221;vc_box_shadow_border&#8221;][\/vc_column][vc_column width=&#8221;1\/2&#8243;][vc_column_text]Inseoidh m\u00e9 p\u00edosa eile f\u00fam agus an ch\u00fais a scr\u00edobhaim leabhair do ph\u00e1ist\u00ed. \u00a0Bhuel, t\u00e1 s\u00fail agam go bhfuil s\u00e9 soil\u00e9ir \u00f3n ngrianghriaf go [&hellip;]<\/p>\n","protected":false},"author":1,"featured_media":0,"parent":0,"menu_order":0,"comment_status":"open","ping_status":"open","template":"","meta":{"_monsterinsights_skip_tracking":false,"_monsterinsights_sitenote_active":false,"_monsterinsights_sitenote_note":"","_monsterinsights_sitenote_category":0,"footnotes":""},"class_list":["post-5113","page","type-page","status-publish","hentry"],"_links":{"self":[{"href":"https:\/\/kapheus.com\/irish\/wp-json\/wp\/v2\/pages\/5113","targetHints":{"allow":["GET"]}}],"collection":[{"href":"https:\/\/kapheus.com\/irish\/wp-json\/wp\/v2\/pages"}],"about":[{"href":"https:\/\/kapheus.com\/irish\/wp-json\/wp\/v2\/types\/page"}],"author":[{"embeddable":true,"href":"https:\/\/kapheus.com\/irish\/wp-json\/wp\/v2\/users\/1"}],"replies":[{"embeddable":true,"href":"https:\/\/kapheus.com\/irish\/wp-json\/wp\/v2\/comments?post=5113"}],"version-history":[{"count":40,"href":"https:\/\/kapheus.com\/irish\/wp-json\/wp\/v2\/pages\/5113\/revisions"}],"predecessor-version":[{"id":13716,"href":"https:\/\/kapheus.com\/irish\/wp-json\/wp\/v2\/pages\/5113\/revisions\/13716"}],"wp:attachment":[{"href":"https:\/\/kapheus.com\/irish\/wp-json\/wp\/v2\/media?parent=5113"}],"curies":[{"name":"wp","href":"https:\/\/api.w.org\/{rel}","templated":true}]}}

<section class="wpb-content-wrapper"><p>[vc_row content_placement=&#8221;middle&#8221; wrap_type=&#8221;in_container&#8221; css=&#8221;.vc_custom_1624553480048{margin-bottom: 0px !important;padding-bottom: 0px !important;}&#8221;][vc_column][vc_custom_heading text=&#8221;Cé mise?&#8221; font_container=&#8221;tag:h1|text_align:center&#8221;][/vc_column][/vc_row][vc_row wrap_type=&#8221;in_container&#8221;][vc_column width=&#8221;1/2&#8243;][vc_single_image image=&#8221;11432&#8243; img_size=&#8221;full&#8221; style=&#8221;vc_box_shadow_border&#8221;][/vc_column][vc_column width=&#8221;1/2&#8243;][vc_column_text]<span style="font-size: 12.0pt;">Inseoidh mé píosa eile fúm agus an chúis a scríobhaim leabhair do pháistí.  Bhuel, tá súil agam go bhfuil sé soiléir ón ngrianghriaf go bhfuil grá mór agam do pháistí.  Is breá liom a fuinneamh agus a racht feirge freisin.  Bainim an-sult as spiorad na bpáistí.  Is mar gheall ar sin go bhfuil sé an rud is nádúra liom ná leabhair a scríobh do pháistí.  </span></p>
<p><span style="font-size: 12.0pt;"><strong>Kapheus Earth</strong>, <strong>Kapheus Air</strong> agus <strong>Kapheus Water</strong> leabhair fantaisíochta eachtraíochta a bhfuil ar maos i miotaseolaíocht na hÉireann.  Tá an scéal suite i dtírdreach na hÉireann ó Slí an Atlantaigh Fhiáin go Cnoc na Teamhrach, anam na tíre. Bainaim an-taitneamh as leabhair a scríobh do pháistí seacht mbliana d&#8217;aois agus níos sine. </span></p>
<p><span style="font-size: 12.0pt;">Rugadh mé i nGaillimh agus ba mise an dara duine is óige as seachtar páistí i mo chlann.  D&#8217;fhás mé suas le tionchar meascaithe ó chúlraí difriúla mo thuismitheoirí.  Thug mo mháthair an leathanaigeanta a bhaineann le Cathair Bhaile Átha Cliath dúinn mar pháistí agus fuaireamar grá an talamh agus nádúr ó m&#8217;athair. Tháinig an dhá thaobh le chéile i mo scríobh agus táim an-bhíoch díobh as an tionchar sin a thabhairt saibhreas don Sraith Kapheus.</span></p>
<p><span style="font-size: 12.0pt;">Chuir mo chúlra gairmiúil mar síceolaí tionchar ar mo scríobh freisin.  Is iad na dragúin, síogaí, leipreacháin agus na créatúir miotaseolaíochta mar shampla na haonbheanaigh agus na ceinteáir a threoraíonn Elisa and Jamie tríd<em> </em>na dúshláin is mó ina saolta, agus sa chúlra tá an dinimic ar leith idir tuismitheoirí agus a bpáistí, agus idir na siblíní féin a phlé.  Tá súil agam go mbaineann gach duine a léanann an Sraith Kapheus taitneamh as na leabhair.  </span></p>
<ul class="scl_icns">
<li><a class="btn btn-primary lookbook-action" href="https://www.facebook.com/kapheus/"><i class="fa fa-facebook-official" aria-hidden="true"><!--code--></i> Facebook</a></li>
<li><a class="btn btn-primary lookbook-action" href="https://www.linkedin.com/in/marguerite-tonery-3289682b/"><i class="fa fa-linkedin-square" aria-hidden="true"><!--code--></i> Linkedin</a></li>
<li><a class="btn btn-primary lookbook-action" href="https://www.instagram.com/marguerite_tonery/"><i class="fa fa-instagram" aria-hidden="true"><!--code--></i> Instagram</a></li>
</ul>
<p>[/vc_column_text][/vc_column][/vc_row]</p>
</section>

<p>[vc_row content_placement=&#8221;middle&#8221; wrap_type=&#8221;in_container&#8221; css=&#8221;.vc_custom_1624553480048{margin-bottom: 0px !important;padding-bottom: 0px !important;}&#8221;][vc_column][vc_custom_heading text=&#8221;Cé mise?&#8221; font_container=&#8221;tag:h1|text_align:center&#8221;][/vc_column][/vc_row][vc_row wrap_type=&#8221;in_container&#8221;][vc_column width=&#8221;1/2&#8243;][vc_single_image image=&#8221;11432&#8243; img_size=&#8221;full&#8221; style=&#8221;vc_box_shadow_border&#8221;][/vc_column][vc_column width=&#8221;1/2&#8243;][vc_column_text]Inseoidh mé píosa eile fúm agus an chúis a scríobhaim leabhair do pháistí.  Bhuel, tá súil agam go bhfuil sé soiléir ón ngrianghriaf go [&hellip;]</p>
