{"id":5113,"date":"2015-04-09T03:31:06","date_gmt":"2015-04-09T03:31:06","guid":{"rendered":"http:\/\/localhost\/wordpress\/wp_vicky\/?page_id=4"},"modified":"2023-10-06T08:51:52","modified_gmt":"2023-10-06T08:51:52","slug":"my-story","status":"publish","type":"page","link":"https:\/\/kapheus.com\/german\/my-story\/","title":{"rendered":"Meine Geschichte"},"content":{"rendered":"<section class=\"wpb-content-wrapper\"><p>[vc_row][vc_column][vc_custom_heading text=&#8221;Wer bin ich?&#8221; font_container=&#8221;tag:h2|text_align:center|color:%23000000&#8243; use_theme_fonts=&#8221;yes&#8221; use_heading_style=&#8221;yes&#8221;][\/vc_column][\/vc_row][vc_row wrap_type=&#8221;in_container&#8221;][vc_column width=&#8221;1\/2&#8243;][vc_single_image image=&#8221;11432&#8243; img_size=&#8221;full&#8221; style=&#8221;vc_box_shadow_border&#8221;][\/vc_column][vc_column width=&#8221;1\/2&#8243;][vc_column_text]<\/p>\n<p style=\"font-weight: 400;\">Ich bin Marguerite Tonery und die Gr\u00fcnderin des preisgekr\u00f6nten Verlages Tribes Press, der sogar der erste mehrsprachige Verlag in Irland ist. Aber dort endet die Geschichte nicht, noch beginnt sie da. Ich habe mich \u00f6fter neu erfunden als ich z\u00e4hlen kann. Ich habe mein Studium der Biochemie mit Auszeichnung abgeschlossen, wollte danach aber noch mehr \u00fcber die Verbindung zwischen K\u00f6rper und Geist lernen und bin zur\u00fcck an die Universit\u00e4t gegangen, um Psychologie, speziell Gesundheitspsychologie zu studieren. Mehrere Jahre lang \u00fcbe ich schon meditative Techniken aus und lehre auch dar\u00fcber, um die Verbindung von K\u00f6rper und Geist abzuschlie\u00dfen.<\/p>\n<p style=\"font-weight: 400;\">Wo hat alles angefangen? Im zarten Alter von sieben Jahren habe ich beschlossen, meinen Lebensweg zu planen, und ich war entschlossen, mein Leben wundervoll zu gestalten. Das hat nicht immer so funktioniert wie geplant, aber das finale Ziel war Gl\u00fcck und Erf\u00fcllung und das habe ich erreicht. Mit dem zufrieden zu sein, wo man ist, und gleichzeitig seinem Traum zu folgen, ist ein toller Punkt im Leben. Ich w\u00fcrde gerne mit allen teilen, was ich auf dem Weg gelernt habe, sodass auch du dein Gl\u00fcck und deine Erf\u00fcllung finden kannst. Sowohl in meinen Kinderb\u00fcchern als auch meinem neuen Erwachsenenratgeber The Transformation Journal Part 1 zeige ich praktische L\u00f6sungen f\u00fcr tagt\u00e4gliche Probleme, sei es versteckt im Leben von Elfen und Drachen in den Geschichten f\u00fcr Kinder, oder in den Familienstrukturen meines Erwachsenenratgebers. Es ist f\u00fcr jeden etwas dabei.<\/p>\n<ul class=\"scl_icns\">\n<li><a class=\"btn btn-primary lookbook-action\" href=\"https:\/\/www.facebook.com\/kapheus\/\"><i class=\"fa fa-facebook-official\" aria-hidden=\"true\"><!--code--><\/i> Facebook<\/a><\/li>\n<li><a class=\"btn btn-primary lookbook-action\" href=\"https:\/\/www.linkedin.com\/in\/marguerite-tonery-3289682b\/\"><i class=\"fa fa-linkedin-square\" aria-hidden=\"true\"><!--code--><\/i> Linkedin<\/a><\/li>\n<li><a class=\"btn btn-primary lookbook-action\" href=\"https:\/\/www.instagram.com\/marguerite_tonery\/\"><i class=\"fa fa-instagram\" aria-hidden=\"true\"><!--code--><\/i> Instagram<\/a><\/li>\n<\/ul>\n<p>[\/vc_column_text][\/vc_column][\/vc_row]<\/p>\n<\/section>","protected":false},"excerpt":{"rendered":"<p>[vc_row][vc_column][vc_custom_heading text=&#8221;Wer bin ich?&#8221; font_container=&#8221;tag:h2|text_align:center|color:%23000000&#8243; use_theme_fonts=&#8221;yes&#8221; use_heading_style=&#8221;yes&#8221;][\/vc_column][\/vc_row][vc_row wrap_type=&#8221;in_container&#8221;][vc_column width=&#8221;1\/2&#8243;][vc_single_image image=&#8221;11432&#8243; img_size=&#8221;full&#8221; style=&#8221;vc_box_shadow_border&#8221;][\/vc_column][vc_column width=&#8221;1\/2&#8243;][vc_column_text] Ich bin Marguerite Tonery und die Gr\u00fcnderin des preisgekr\u00f6nten Verlages Tribes Press, der sogar der erste mehrsprachige Verlag in Irland ist. Aber dort endet die Geschichte nicht, [&hellip;]<\/p>\n","protected":false},"author":1,"featured_media":0,"parent":0,"menu_order":0,"comment_status":"closed","ping_status":"open","template":"","meta":{"_monsterinsights_skip_tracking":false,"_monsterinsights_sitenote_active":false,"_monsterinsights_sitenote_note":"","_monsterinsights_sitenote_category":0,"footnotes":""},"class_list":["post-5113","page","type-page","status-publish","hentry"],"_links":{"self":[{"href":"https:\/\/kapheus.com\/german\/wp-json\/wp\/v2\/pages\/5113","targetHints":{"allow":["GET"]}}],"collection":[{"href":"https:\/\/kapheus.com\/german\/wp-json\/wp\/v2\/pages"}],"about":[{"href":"https:\/\/kapheus.com\/german\/wp-json\/wp\/v2\/types\/page"}],"author":[{"embeddable":true,"href":"https:\/\/kapheus.com\/german\/wp-json\/wp\/v2\/users\/1"}],"replies":[{"embeddable":true,"href":"https:\/\/kapheus.com\/german\/wp-json\/wp\/v2\/comments?post=5113"}],"version-history":[{"count":45,"href":"https:\/\/kapheus.com\/german\/wp-json\/wp\/v2\/pages\/5113\/revisions"}],"predecessor-version":[{"id":13752,"href":"https:\/\/kapheus.com\/german\/wp-json\/wp\/v2\/pages\/5113\/revisions\/13752"}],"wp:attachment":[{"href":"https:\/\/kapheus.com\/german\/wp-json\/wp\/v2\/media?parent=5113"}],"curies":[{"name":"wp","href":"https:\/\/api.w.org\/{rel}","templated":true}]}}